1)/12*-3 + x/(-32). What is the greatest common factor of n and 185?
5
Suppose -3*j - 431 = -5*u, -106*u + 5*j - 103 = -107*u. Calculate the highest common divisor of 110 and u.
22
Suppose 80 = -37*a + 47*a. Suppose q = -0*r + 3*r + a, -4*q = 2*r - 88. Calculate the greatest common divisor of q and 160.
20
Suppose 6*p = 2*p + 308. Suppose 2*c = 23 + p. Suppose -48*o - 25*o = 65*o - 6900. What is the highest common factor of o and c?
50
Let y(d) = 41*d + 26. Let z(b) = 41*b + 27. Let v(w) = -2*y(w) + 3*z(w). Let i be v(5). Calculate the highest common factor of 18 and i.
18
Suppose 32*g + 360 = 41*g. Let f be (806/(-104))/((-1)/g). Calculate the highest common divisor of f and 10.
10
Suppose -6121 = -80*w + 5758 - 3719. Calculate the greatest common divisor of 867 and w.
51
Suppose -2*y - 6089 + 103 = -h, 4*y = -28. Calculate the greatest common divisor of 4 and h.
4
Suppose 3*t + n = t + 268, -3*n = 5*t - 669. Let d = -412 + 520. Calculate the highest common divisor of d and t.
27
Suppose 9*x - 6*x = -3. Let k be (-3 + x)/(-4*(-1)/(-4)). Suppose 0 = -f + k*f - 27. Calculate the highest common divisor of f and 36.
9
Suppose v - 1696 = 4*z, -17*v - z + 6852 = -13*v. Calculate the greatest common factor of v and 208.
16
Let s = -271 - -281. What is the highest common factor of 145 and s?
5
Let l(i) = -1 - 10*i + 5*i**2 + 5 + 2. Suppose -32 = -2*g - 4*w, 3 - 5 = -2*g + 2*w. Let v be l(g). What is the greatest common divisor of v and 14?
14
Let u = -1 - 70. Let z = 95 + u. Suppose v - 5*g = -8, 0 = 2*v + 3*g - 2*g - 28. Calculate the greatest common divisor of v and z.
12
Let q(u) = 2*u**2 - 20*u - 251. Let v be q(27). Calculate the greatest common factor of 23 and v.
23
Suppose -2*i + i = -3*w + 303, -594 = 2*i - 2*w. Let y = i - -309. What is the highest common factor of 30 and y?
15
Suppose -2181 = -5*b + 3*i, b - 562 + 127 = i. Calculate the highest common divisor of b and 69.
3
Let c be (11 - 0) + (46 - -1833). What is the highest common factor of c and 54?
54
Suppose -5*g + 4*x = -351, -17*g - 3*x = -19*g + 139. Calculate the greatest common divisor of g and 3763.
71
Suppose -37 = -x + 17. Suppose 4*v = 5*t - 209, -5*v + 23 = 2*t - x. What is the highest common factor of t and 41?
41
Let g(v) = v**2 + 9*v + 32. Let c be g(-13). Suppose -2*b = 10*b + c. Let h(w) = w**2 - 9*w + 5. Let u be h(b). What is the greatest common divisor of 18 and u?
9
Let t(j) = 3*j**2 + 14*j - 19. Let o be t(-6). Suppose -o*z = 5*g - 310, -27*g + 66 = z - 24*g. Calculate the highest common divisor of 15 and z.
15
Let b(k) = 16*k - 52. Let z be b(20). Let f = -259 + z. Calculate the highest common divisor of f and 549.
9
Let b be ((-30)/20)/((-42)/(-16))*-7. Let x be -19 - ((2 - 2) + 3). Let d = 34 + x. Calculate the highest common divisor of d and b.
4
Suppose -18*g - 161805 = -166935. Calculate the highest common divisor of g and 255.
15
Suppose -129*m = -109*m - 760. What is the greatest common divisor of 2774 and m?
38
Let d be ((-27)/24*2)/(8 - (-11587)/(-1448)). What is the greatest common factor of 24 and d?
6
Let c(i) = -92 - 20*i + 4*i**2 + 122 - 3*i**2. Let y be c(18). Let v be (y/(-4))/(-3) + (-131)/(-2). Calculate the greatest common factor of v and 13.
13
Suppose -w - 329 + 982 = 4*t, 0 = -w + 1. What is the greatest common divisor of t and 11?
1
Let d(q) = q**2 - 59*q - 612. Let p be d(-11). Calculate the highest common factor of p and 4819.
79
Let w = 4 + 23. Suppose 0 = -4*c + w + 69. Let d be 49/8 + (-12)/27 + 46/144. Calculate the greatest common divisor of c and d.
6
Let m(g) = -75*g - 1715. Let s be m(-23). Let f(b) = b**2 - 6*b + 4. Let q be f(6). Calculate the highest common divisor of q and s.
2
Suppose -8*o - 3579 = -219. Let x = -368 - o. What is the greatest common divisor of 1092 and x?
52
Let g(b) = 614*b - 700. Let q be g(7). What is the greatest common factor of 7 and q?
7
Let w be (77 + 0)*8277/1869. Calculate the highest common factor of w and 33077.
341
Let r be (936/(-20) - -3)/(3/(-15)). Let g = r - 139. Suppose 17*b = 21*b - g. What is the highest common factor of b and 180?
20
Let t = 2347 - 1444. Calculate the greatest common divisor of 516 and t.
129
Let f(x) = 4*x**2 - 29 + 11*x - 7 + 4*x - 5*x**2. Let o be f(11). Suppose o*n = 9*n - 95. What is the highest common factor of n and 19?
19
Let n = -143 - -239. Suppose -1372 = 17*z - 2460. What is the highest common divisor of z and n?
32
Let m be (-1)/(-3) - 7*(-6)/(-126). Suppose -3*r + 3*c + 645 = -m*r, 3*r + c = 665. What is the greatest common factor of r and 44?
44
Let w = 7993 + -5608. Calculate the greatest common factor of 212 and w.
53
Suppose -5*r = -4*c + 281, c + 33*r - 30*r - 49 = 0. Suppose 4*b - 219 = 101. What is the greatest common divisor of b and c?
16
Let p(d) = d**3 + 29*d**2 + 27*d - 23. Let f be p(-28). Suppose f*w = 2*z - 534 - 397, -2*z + 943 = -w. Calculate the highest common factor of z and 43.
43
Let x = -641 + 565. Let z be ((-855)/x)/((-3)/(-16)). Calculate the greatest common factor of z and 195.
15
Let r be (-76)/(-10) - (-162)/(-270). Suppose 2*n - 3 - r = 0. Suppose 5*g - 55 = -k, 0*k + 70 = 5*g + 4*k. What is the highest common divisor of n and g?
5
Suppose 3*p - 71 = 13. Let i(w) = 2*w**3 - 28*w**2 + 4*w - 53. Let c be i(14). Suppose c*x - p - 2 = 0. What is the greatest common divisor of 130 and x?
10
Let n be 11 - (5 + -11)/((-6)/4). Suppose -n*a + 0*a = -77. Suppose -a*b = -387 - 9. What is the highest common factor of 4 and b?
4
Let y(x) = 3*x**2 + 14*x + 127. Let w(v) = 2*v**2 + 8*v + 62. Let m(r) = -5*w(r) + 3*y(r). Let k be m(9). Calculate the highest common divisor of k and 328.
8
Let n = -226 - -255. Calculate the highest common factor of 3248 and n.
29
Let p be 4/(-30) + (-6816)/180 + 1. Let g = 373 - p. Calculate the highest common divisor of 20 and g.
10
Suppose -2 = -9*g + 16. Suppose 2*r + 0*u + 2*u - 20 = 0, -5*u = g*r - 35. Let z be 1/r + (-2 - (-258)/10). What is the greatest common factor of z and 6?
6
Suppose 16*i = -1531 + 108651. Calculate the greatest common factor of 65 and i.
65
Let r(g) = 461*g**2 - 33*g - 27. Let f be r(-3). Calculate the greatest common factor of 189 and f.
63
Let y = -1311 + 1317. What is the highest common divisor of y and 50?
2
Let j be (-1)/4 - 2865/(-20). Let b be (2 + 25)/(-9) - -18. Let s(c) = 11*c - 152. Let r be s(b). Calculate the greatest common divisor of r and j.
13
Suppose 1066*d = 1062*d - 2*i + 4460, -2*d = -i - 2246. Calculate the highest common factor of 3 and d.
3
Let q be 43 - 61 - -24 - (-554 - 1). What is the highest common factor of q and 231?
33
Suppose -1955 - 175 - 1128 = -181*q. What is the greatest common divisor of 4722 and q?
6
Let f(k) = 3681*k**2 + 14*k - 3. Let w be f(1). What is the highest common factor of w and 260?
52
Let r(l) = 168 + 4*l - 225 - l**2 - 26*l - 3*l. Let q be r(-20). What is the greatest common factor of q and 473?
43
Let f = 18 - 13. Let r be 16/(-288)*15*-18. Calculate the highest common factor of f and r.
5
Suppose -1081 + 2929 = 14*v. Let n(l) = l**2 + 5*l - 3. Let z be n(4). What is the greatest common factor of v and z?
33
Suppose 0 = 3*f + f - 16, 0 = 2*q + 2*f - 8. Suppose 5*d - 131 - 64 = q. What is the highest common factor of d and 351?
39
Let p(s) = 4*s + 58. Let a be p(-14). Suppose -152 = -a*q - 138. What is the greatest common divisor of 259 and q?
7
Let l = 122769 + -122744. Suppose 2*k - 93 - 137 = 0. What is the highest common factor of k and l?
5
Let f(p) = p**2 - 149*p - 755. Let s be f(-5). Suppose -2*u - u = m - 587, -3*m = 3*u - 591. What is the highest common factor of s and u?
15
Let h(g) = 18*g**2 - 2*g. Let q be h(-1). Suppose 228 = q*p - 432. What is the greatest common divisor of 21 and p?
3
Let s = 0 + 75. Let j be s + -1 + (-18 - -16). Let a be (-19)/(133/(-630))*2. Calculate the greatest common divisor of j and a.
36
Suppose -567 = -4*z + 3*n, z = 4*z + 5*n - 447. Suppose 0 = -3*r + 2*a + 59, 66 = -3*r - 2*a + 169. What is the greatest common divisor of r and z?
9
Let z(s) = 6*s**3 - 13*s**2 + 18*s + 4. Let h be z(2). Suppose -5*w + 72 + 2988 = 0. Calculate the greatest common divisor of w and h.
36
Let c = 2655 + 1903. What is the greatest common factor of 530 and c?
106
Let q(m) = -m**3 + 47*m**2 + 60*m - 1115. L